be u/90 + (-2)/(-9). What is the greatest common factor of 380 and x?
38
Let z be 24/2 - (8 + -6). Suppose -5*t + z = -10. Suppose 3*b + 2*c - 235 = 0, t*b + c = 128 + 182. What is the greatest common factor of b and 7?
7
Suppose 0 = 3*x - 422 - 19. Calculate the highest common factor of 14 and x.
7
Suppose 11*p - 15*p + 4*c + 1100 = 0, -5*c = 0. Calculate the highest common divisor of p and 25.
25
Let f(k) = -4*k**3. Let c be f(-1). Let i be c/(-10) + 24/(-15). Let m be -3 + (0 - i) - -34. Calculate the highest common divisor of m and 3.
3
Suppose 0 = -39*o + 407 + 724. Calculate the greatest common factor of o and 1247.
29
Let x(z) = -16*z**2 + 3 + 12*z + 12 - z**3 + 6*z**2. Let r be x(-11). What is the highest common factor of r and 20?
4
Let v be 4/(-12) + 5 + (-282)/(-9). Let y = -8 + 20. Calculate the highest common divisor of v and y.
12
Suppose -5*c + 2 = -18. Let i be 105 + (4 - 8) + c. What is the highest common factor of 42 and i?
21
Let p(l) be the second derivative of -l**4/4 - l**3/3 - l**2/2 - 6*l. Let s be p(-1). Let g be 20/3*(-3)/s. What is the greatest common divisor of g and 20?
10
Let g = 14 + -8. Suppose -j = -g*j + 245. Let c = j + -34. What is the highest common factor of c and 3?
3
Let p = 43 - 23. What is the greatest common factor of p and 340?
20
Let q = 35 + 0. Let i = 89 - q. Suppose 157*m = 106*m + 918. Calculate the greatest common factor of m and i.
18
Let c(t) = -t**2 - 12*t + 14. Let l = -67 + 61. Let s be c(l). Calculate the greatest common divisor of 20 and s.
10
Let v = 60 + -38. Suppose -18*x = -185 - 157. Suppose x = 12*n - 5. What is the greatest common factor of v and n?
2
Let o = -133 - -136. What is the highest common divisor of 81 and o?
3
Let y = -284 + 491. Let t(k) = k**3 + k + 23. Let i be 16/136 - 4/34. Let b be t(i). Calculate the greatest common divisor of y and b.
23
Let n be -1 + 30 + (0 - 2) + 1. Suppose -4*w + y + 170 = 0, -5*w - 110 = 4*y - 312. Calculate the highest common divisor of w and n.
14
Let x(j) = 12*j - 33. Let s be x(9). What is the highest common factor of 45 and s?
15
Let r = 739 + -730. What is the highest common factor of 81 and r?
9
Suppose -174 = 5*z - 8*z. Let m = z + -12. Let x = m + 11. Calculate the greatest common factor of 38 and x.
19
Let t be (-347 + -1)*(1 - (-5)/(-3)). Suppose -t = -u - 3*o, 2*u + 0*o = 4*o + 414. Calculate the greatest common factor of 31 and u.
31
Let r(x) = x**3 - 2*x**2 + 5*x - 4. Let q be r(3). Let j = 51 - 26. Suppose 4*d + 9 = j. What is the highest common divisor of q and d?
4
Let x be -4 + 56 - 0/(1/1). What is the greatest common factor of x and 182?
26
Let b = 130 + -49. Let j be (-85)/(-15) + -5 + 28/3. Let p(f) = f - 1. Let z be p(j). What is the greatest common factor of z and b?
9
Let o = 68 + -41. Let t(s) = s + 58. Let q be t(-13). Calculate the highest common factor of q and o.
9
Let g(t) = -59*t - 77. Let w be g(-7). What is the greatest common factor of w and 756?
84
Let r = 19 + -4. Let c be (-87)/r*(-1 + -4). Calculate the highest common divisor of c and 145.
29
Let t = 360 - 32. What is the highest common divisor of t and 41?
41
Let s be (-9)/(-4)*(-12)/(-9)*4. Suppose -103 = -7*y - s. Let b be 1/(0 - (-1)/39). What is the greatest common divisor of y and b?
13
Let p be -3*(-12 + 0 - -1). What is the greatest common divisor of 528 and p?
33
Let z(u) = 100*u - 89. Let y be z(6). What is the greatest common divisor of y and 73?
73
Let k(o) = o**3 - 14*o**2 + 21*o - 98. Let d be k(13). Calculate the greatest common factor of d and 27.
3
Let g be ((-9)/(-4))/(42/6048). What is the highest common divisor of g and 27?
27
Let c = -50 + 95. Suppose 0 = -4*b + 19 + c. What is the greatest common factor of 112 and b?
16
Let g(s) = -14*s + 19. Let w be g(6). Let m = 153 - 60. Let o = m + w. What is the greatest common divisor of o and 4?
4
Let r be (-55)/3 + 3/9. Let d = 18 - r. Let w = d - 11. What is the highest common divisor of 5 and w?
5
Suppose 3*c - 87 = 417. Calculate the greatest common divisor of 126 and c.
42
Suppose 3*j - 3 - 6 = 0. Suppose -7*n + 4 = -j*n. Let w = -1 + 3. What is the greatest common factor of w and n?
1
Let t = -49 - -7. Let m = 58 + t. What is the greatest common divisor of m and 128?
16
Suppose j - 790 = 3*w, -9*w + 4*w = -5. What is the greatest common divisor of 122 and j?
61
Let x(u) = -u**3 + 5*u**2 + u + 36. Let m be x(6). What is the highest common divisor of m and 75?
3
Suppose 0 = -a - 10 + 40. Let f be -6*7*42/(-98). What is the greatest common factor of f and a?
6
Let u = -1733 + 1792. Calculate the highest common factor of 413 and u.
59
Let c = -619 + 630. Calculate the highest common divisor of c and 924.
11
Suppose 2*p - 384 = -2*p. What is the highest common factor of 72 and p?
24
Let s(u) = -2*u**3 + 10*u - 7. Let b be s(9). Let k be (-4)/26 - b/65. Let a be (-17 + k)/((-4)/(-14)). What is the greatest common factor of 126 and a?
14
Suppose -17*c + 988 = 36. What is the highest common factor of 8 and c?
8
Suppose 0 = 3*p - 2 - 7. Let l be (-3 - -1 - -2)*(-3 - -2). Suppose 2*s + l*s - 30 = -b, -p*b = 0. What is the greatest common divisor of 3 and s?
3
Suppose 0 = -2*g - 2*n + 44, -g = -n - 11 - 21. Calculate the highest common divisor of 6 and g.
3
Let h = 523 - 498. What is the highest common factor of h and 125?
25
Suppose -9*b = -139 + 22. Suppose -b = -8*n + 35. What is the highest common divisor of n and 12?
6
Let t(k) = 2*k - 8*k + 3 + 8*k. Let w be t(9). What is the greatest common factor of w and 7?
7
Let q(j) = -j**2 + 11*j + 35. Let x be q(10). Calculate the highest common divisor of 90 and x.
45
Suppose 99 - 9 = 3*w - 5*o, 4*w = 4*o + 120. Let l be (w - -5) + 3 - 5. What is the highest common factor of 33 and l?
33
Let o = 70 - 42. What is the highest common factor of 70 and o?
14
Suppose 11*d - 4 = 7*d. Let u be (-3 - 2*d/(-2)) + 13. Suppose -3*c + 41 + 58 = 0. Calculate the greatest common factor of u and c.
11
Let c(d) = 29*d - 1. Let s be c(2). Let i(u) = -u**2 + 5*u + 6. Let q be i(6). Suppose 3*p - 6*p + s = q. What is the highest common factor of 209 and p?
19
Let p be (15/6)/((-3)/(-6)). Suppose 0 = -l - 3 + p. Let m = l - -4. Calculate the greatest common factor of 12 and m.
6
Suppose 0 = -4*l - w + 1361, -79 = 3*l + w - 1101. What is the greatest common divisor of l and 3?
3
Let g(z) = z**3 + 3*z**2 - z + 2. Let x be g(-3). Suppose x*u - 60 = 2*u. Let n(s) = 6*s - 6. Let l be n(6). What is the highest common factor of u and l?
10
Let q be (120/(-18))/10*-627. What is the greatest common divisor of 22 and q?
22
Suppose 0*k = 4*g - 4*k + 16, -5*k + 14 = -3*g. Let i be g/(-6)*2 - -14. Suppose -504 = 2*u - 524. Calculate the greatest common factor of i and u.
5
Let z be 9/(2/((-4)/(-3))). Let q be (-2 + z)*6/8. Let t = 254 - 233. What is the highest common factor of q and t?
3
Suppose 0 = 2*j - 29 + 9. Let u be -9*(5/3 + -2). Suppose 2*t + 3*n - 168 = 0, u*t - 2*t + 3*n - 78 = 0. Calculate the greatest common divisor of t and j.
10
Let c(r) = 6*r**2 - 34*r + 71. Let h be c(2). What is the highest common divisor of h and 135?
27
Suppose 326 = 5*u - 149. Let t be (-3 - (-7 + 4)) + 38. What is the highest common divisor of t and u?
19
Let z be (-12)/(-60) - 252/10. Let p = z - -31. Calculate the highest common factor of p and 48.
6
Suppose -4*g = -7*g + 204. Calculate the greatest common factor of 17 and g.
17
Let o be 3811/259 - 4/(-14). What is the greatest common factor of 45 and o?
15
Let g = 414 - 412. Let l = -11 - -14. Calculate the greatest common divisor of g and l.
1
Suppose -2*k = 2*j - 122, 3*j = -2*k - 1182 + 1303. Let w = 1234 - 738. What is the greatest common factor of k and w?
62
Let p(o) = 12*o + 128. Let t be p(-6). Calculate the highest common factor of 280 and t.
56
Let g be ((-15)/(-12))/((-3)/(-108)). Let t = -5 + 6. Let a be ((-36)/(-8))/(t/4). Calculate the greatest common divisor of a and g.
9
Let k be 2/(28/66)*21. What is the greatest common factor of k and 55?
11
Suppose 2*q = 2, b - 5*q + 23 = -2*b. Let t be ((-4)/6)/(b + 1792/300). What is the greatest common factor of t and 225?
25
Let l(a) = a**3 + 12*a**2 + 14*a + 12. Let i be l(-10). Let b be -12 + (1 - 0)*-3. Let j = b + 24. What is the highest common divisor of j and i?
9
Let w be